{"id":29026,"date":"2017-09-11T18:58:21","date_gmt":"2017-09-11T18:58:21","guid":{"rendered":"https:\/\/www.gbchampionship.com\/kubata\/?page_id=29026"},"modified":"2017-09-21T14:43:59","modified_gmt":"2017-09-21T14:43:59","slug":"gestas","status":"publish","type":"page","link":"https:\/\/www.gbchampionship.com\/kubata\/gestas\/","title":{"rendered":"Gestas"},"content":{"rendered":"<p>[et_pb_section bb_built=\u00bb1&#8243;][et_pb_row][et_pb_column type=\u00bb1_3&#8243;][et_pb_image _builder_version=\u00bb3.0.64&#8243; src=\u00bbhttps:\/\/www.gbchampionship.com\/kubata\/wp-content\/uploads\/2017\/09\/gestas2-1.jpg\u00bb show_in_lightbox=\u00bboff\u00bb url_new_window=\u00bboff\u00bb use_overlay=\u00bboff\u00bb sticky=\u00bboff\u00bb align=\u00bbleft\u00bb always_center_on_mobile=\u00bbon\u00bb border_style=\u00bbsolid\u00bb force_fullwidth=\u00bboff\u00bb \/][\/et_pb_column][et_pb_column type=\u00bb2_3&#8243;][et_pb_text _builder_version=\u00bb3.0.64&#8243; background_layout=\u00bblight\u00bb text_orientation=\u00bbleft\u00bb border_style=\u00bbsolid\u00bb]<\/p>\n<h1>Las Gestas del Kubata<\/h1>\n<p>[\/et_pb_text][et_pb_text _builder_version=\u00bb3.0.64&#8243; background_layout=\u00bblight\u00bb text_orientation=\u00bbleft\u00bb border_style=\u00bbsolid\u00bb custom_css_main_element=\u00bbtext-indent: 30px\u00bb]<\/p>\n<p>Triple 5, Simple 1 y triple 12! Ah\u00ed est\u00e1s t\u00fa intentando cerrar el 20, y mira qu\u00e9 mierda de tirada te ha salido! Te quedas en silencio mirando el triple 12, incr\u00e9dulo, con la boca medio abierta, hecho un papanatas. Sabes perfectamente que no eres el Campe\u00f3n del Mundo, pero ostras, al menos tienes unas medias que mantener!<\/p>\n<p>Todos sufrimos con estas partidas que nos atormentan, pero tambi\u00e9n todos, sin excepci\u00f3n e independientemente de nuestro nivel, fraguamos una partida especial de entre todos esos duelos y torneos que jugamos. Una partida en la que tu acierto sobrehumano converge con la importancia del duelo y con lo decisivo de la ocasi\u00f3n. Es en ese momento, cuando la \u00e9pica se eleva hasta el paroxismo, cuando te acabas de convertir en el protagonista de una GESTA.<\/p>\n<p>&nbsp;<\/p>\n<p>[\/et_pb_text][\/et_pb_column][\/et_pb_row][et_pb_row][et_pb_column type=\u00bb4_4&#8243;][et_pb_text admin_label=\u00bbT\u00edtulo\u00bb _builder_version=\u00bb3.0.64&#8243; background_layout=\u00bblight\u00bb text_orientation=\u00bbleft\u00bb border_style=\u00bbsolid\u00bb]<\/p>\n<h1>Grandes gestas narradas<\/h1>\n<p>[\/et_pb_text][et_pb_text _builder_version=\u00bb3.0.64&#8243; background_color=\u00bbrgba(12,113,195,0.16)\u00bb background_layout=\u00bblight\u00bb text_orientation=\u00bbleft\u00bb border_style=\u00bbsolid\u00bb custom_padding=\u00bb10px|10px|10px|10px\u00bb]<\/p>\n<p><strong>Aulaso vs Pablo<\/strong><\/p>\n<p>Siendo m\u00e1s frecuente, no es exclusiva de Los Mortales la Batalla, sino que tambi\u00e9n Los Dioses la disfrutan, aunque las deidades nunca estuvieron sometidas a las miserias de la punter\u00eda.<br \/>\nS\u00f3lidamente situado sobre la linea de tiro, Aulaso despliega un tiro sobrio y suave, que parece no tener otro destino que el Bull en los 501. La diana para \u00e9l, como habitante del Olympo, no es mas que un buffet libre en los Crikets, en el que escoje los triples, como si fuesen suculentos manjares, a su antojo. Sus porcentajes, divinos, son incomprensibles para los Mortales, que at\u00f3nitos son testigos de la sucesi\u00f3n de fenomenos.<br \/>\nComo contrapunto a la serenidad de Aulaso, Pablo, en adelantado equilibrio y pose Apol\u00ednea, da la respuesta con un tiro \u00e1gil y vigoroso. Incansable, y poseedor del irrenunciable Don de la Juventud, muestra en este duelo un acierto en el Triple 20 ajeno al azar de los humanos, y gracias a su virtuosismo reclama para s\u00ed un futuro glorioso, en el que, ya depositario de nuestros anhelos ,tambi\u00e9n lo ser\u00e1 de nuestras esperanzas.<\/p>\n<p>Aulaso 3-3 Pablo<\/p>\n<p>[\/et_pb_text][et_pb_text _builder_version=\u00bb3.0.64&#8243; background_color=\u00bbrgba(12,113,195,0.16)\u00bb background_layout=\u00bblight\u00bb text_orientation=\u00bbleft\u00bb border_style=\u00bbsolid\u00bb custom_padding=\u00bb10px|10px|10px|10px\u00bb]<\/p>\n<p><strong>Lucia vs Sandra<\/strong><\/p>\n<p>Perfectamente equilibrada y absolutamente detenida, sostiene el dardo con la pluma hacia arriba extendiendo totalmente su brazo. Luc\u00eda asemeja as\u00ed la Atenea so\u00f1ada por Fidias, inm\u00f3vil y majestuosa, triangulando ojo, dardo y diana. Da fin a esta quietud sorpresivamente, con un latigazo que parece capaz de dividir en dos el n\u00famero escogido. Se adue\u00f1a del 20 en todos los Crikets y obliga a Sandra, que abomina de ellos, a buscar destinos inferiores. Por el contrario Sandra, con su tiro estelar, muestra una constancia en el Bull superior a la de Lucia, lo que le vale de nuevo la victoria en este complicado grupo, en el que aspira a la Gloria.<\/p>\n<p>Lucia 2-4 Sandra<\/p>\n<p>[\/et_pb_text][et_pb_text _builder_version=\u00bb3.0.64&#8243; background_color=\u00bbrgba(12,113,195,0.16)\u00bb background_layout=\u00bblight\u00bb text_orientation=\u00bbleft\u00bb border_style=\u00bbsolid\u00bb custom_padding=\u00bb10px|10px|10px|10px\u00bb]<\/p>\n<p><strong>Danielo vs Lolo<\/strong><\/p>\n<p>En su elaborada y casi ritual mec\u00e1nica de tiro, Danielo se inclina levemente hacia el crisol de luces, eleva su dardo y lo rota sobre su propio eje, como si tratase de enroscarlo. Seguidamente lo acerca sutilmente cinco veces a su boca, y s\u00f3lamente despu\u00e9s despliega un tiro que cruza inicial y lentamente hacia la izquierda, casi como una caricia, pero que corrije finalmente a la derecha como un zarpazo. Tal prodigio tiene su efecto. Con su tiro siembra de sal los marcadores de sus rivales de grupo y menoscava su \u00e1nimo hasta anularlos.<br \/>\nLolo por el contrario, ante la pol\u00edcroma ruleta numerada y luminosa, minimiza su tiro, sosteniendo el dardo con la pluma hacia arriba sobre su frente durante dos segundos, suficientes para decidir donde reposar\u00e1. Sabe bien que no es, como otros piensan, un juego de azar, y en donde otros buscan la fortuna de la brillante ruleta, Lolo s\u00f3lo ve certeza. La de su tiro, que en un inapelable \u00faltimo Criket niega a Danielo su habitual victoria.<br \/>\nDanielo 3-3 Lolo<\/p>\n<p>[\/et_pb_text][et_pb_text _builder_version=\u00bb3.0.64&#8243; background_color=\u00bbrgba(12,113,195,0.16)\u00bb background_layout=\u00bblight\u00bb text_orientation=\u00bbleft\u00bb border_style=\u00bbsolid\u00bb custom_padding=\u00bb10px|10px|10px|10px\u00bb]<\/p>\n<p><strong>Loli vs Sandra<\/strong><\/p>\n<p>Loli afronta \u00e1gil y valerosamente la temible empresa de derrotar a su N\u00e9mesis. Compensa su enga\u00f1osa fragilidad imprimiendo en cada tiro, tras un ligero balanceo del dardo frente a sus ojos, un impulso que proviene, literalmente, de todos los m\u00fasculos de su cuerpo.<br \/>\nSandra se transmuta en el Kraken de su grupo y despliega aciertos por toda la diana, no menos de los que consigue en su centro. Loli s\u00f3lo conseguira gracias a su brio en el Criket final amputarle un tent\u00e1culo.<br \/>\nEl duelo entre las Amazonas se decanta claramente y el acierto de Loli no es suficiente ante la tenacidad de Sandra.<br \/>\nLoli 1-5 Sandra<\/p>\n<p>[\/et_pb_text][et_pb_text _builder_version=\u00bb3.0.64&#8243; background_color=\u00bbrgba(12,113,195,0.16)\u00bb background_layout=\u00bblight\u00bb text_orientation=\u00bbleft\u00bb border_style=\u00bbsolid\u00bb custom_padding=\u00bb10px|10px|10px|10px\u00bb]<\/p>\n<p><strong>Paul vs Antonio<\/strong><\/p>\n<p>Ajustado duelo en el que ambos flaquearon en su especialidad y brillaron en sus zonas grises.<br \/>\nPaul, legendario en los cierres, no encuentra esta vez el camino hacia la Mirada del C\u00edclope, pero por el contrario sus pulsos de iones aniquilan los Crikets. Su tiro fulgurante le librar\u00e1 una vez m\u00e1s del abismo.<br \/>\nAntonio, refractario a la derrota, encara el tiro frontalmente y con serenidad. Eleva su aguja hasta situarla a la altura de sus ojos, y luego, por un instante, la acerca a su cabeza, para que la flecha pueda escuchar durante un suspiro sus pensamientos, y asi conocer su destino. Otra Batalla m\u00e1s en la que tampoco ser\u00e1 doblegado.<br \/>\nAl contrario que Paul, no encuentra el Triple, pero en los 501 se hace Se\u00f1or del Bull.<br \/>\nPaul 3-3 Antonio<\/p>\n<p>[\/et_pb_text][et_pb_text _builder_version=\u00bb3.0.64&#8243; background_color=\u00bbrgba(12,113,195,0.16)\u00bb background_layout=\u00bblight\u00bb text_orientation=\u00bbleft\u00bb border_style=\u00bbsolid\u00bb custom_padding=\u00bb10px|10px|10px|10px\u00bb]<\/p>\n<p><strong>Marta vs Jorge<\/strong><\/p>\n<p>Duelo excepcional por ser \u00fanico entre todos y parad\u00f3jico en su naturaleza, al asombrar quienes son los que lo disputan.<br \/>\nAcertadamente intuian los Sabios Griegos, que el Eros y el T\u00e1natos se encontraban muy pr\u00f3ximos y que no eran opuestos, sino que la brecha que los separaba era una linea tan sutil como aquella que nunca tuvo \u00e9xito en distanciar el Amor de la Guerra.<br \/>\nDesde su posici\u00f3n acusadamente inclinada, Jorge eleva hasta la altura de su anal\u00edtica vista el dardo, y en su mente computacional parece escribirse un despiadado c\u00f3digo binario, que en forma de programa uxoricida y delicados lanzamientos, ejecuta friamente. El brillante Mecano recibe sus dardos, y ya hackeado, concede sus Triples, que hieren a su rival.<br \/>\nLejos de capitular, y precisa en el Bull, Marta tan siquiera ceder\u00e1 un s\u00f3lo 501.<br \/>\nAve F\u00e9nix de flam\u00edgera melena escarlata, parece arrebatar, en su ritual de tiro, tres Ecos del cielo. Los situa lentamente, con el brazo extendido a la altura de su frente, y los arroja sobre la diana, como tres notas perfectamente armonizadas, creando Acordes Mayores. Son los mismos que hace tiempo conformaron bellas melodias y que le sirvieron para arrebatar el coraz\u00f3n de Jorge, pero que ahora se entrelazan en letal combinaci\u00f3n, para componer la partitura de su Requiem.<\/p>\n<p>Marta 4-2 Jorge<\/p>\n<p>[\/et_pb_text][et_pb_text _builder_version=\u00bb3.0.64&#8243; background_color=\u00bbrgba(12,113,195,0.16)\u00bb background_layout=\u00bblight\u00bb text_orientation=\u00bbleft\u00bb border_style=\u00bbsolid\u00bb custom_padding=\u00bb10px|10px|10px|10px\u00bb]<\/p>\n<p><strong>Gon Vs Loli+Sandra+Mika<\/strong><\/p>\n<p>Grandes Memoriales ser\u00e1n esculpidos. Famosos Astr\u00f3logos registrar\u00e1n la posici\u00f3n que ocupa Sagitario esta noche en la b\u00f3veda celeste, para intentar, in\u00fatilmente, explicar la magnitud de esta haza\u00f1a, en la que tan s\u00f3lo un dardero, en desigual encuentro, sufri\u00f3 el asedio de tres rivales.<br \/>\nGon encara la linea de tiro frontalmente y escudri\u00f1a sus opciones con su vista h\u00e1bilmente amplificada por dos formidables y pulidas gemas que reflejan pol\u00edcromos destellos emitidos por la fulgurante diana.<br \/>\nSu antebrazo comienza a estirarse hasta que a mitad de recorrido, como si no fuese necesario hacerlo m\u00e1s, se frena abr\u00faptamente, dando paso a un golpe de mu\u00f1eca final que imprime el momento cin\u00e9tico necesario para que su dardo planee. Bull.<br \/>\nDurante las Batallas, con su voz profunda y cavernosa, acostumbra regularmente a invocar la ayuda de sinergias tel\u00faricas y deidades escandinavas. \u00abPor Thor!\u00bb a\u00falla mientras hidrata sus m\u00fasculos con las libaciones fermentadas que le ofrece el posadero.<br \/>\nMika y Loli, derrotados, empapan la tierra con su sangre y \u00fanicamente Sandra ser\u00e1 capaz de darle r\u00e9plica en los Crikets. Gon consiguir\u00e1 8 puntos sobre 9 posibles en esta noche que pasar\u00e1 a la tradici\u00f3n oral durante centurias<br \/>\nGon intent\u00f3 anteriormente alcanzar la Cornucopia del Triple 20, pero sabe que a la derecha del preciado tesoro se haya una peligrosa ci\u00e9naga, en cuyos lodos qued\u00f3 m\u00e1s de una vez atascado. La experiencia le ha ense\u00f1ado que el 18 es su Walhalla.<br \/>\n\u00abPor Odin!\u00bb brama de nuevo, con unos graves resonantes que hielan la sangre de sus adversarios y hacen palidecer a los que asisten como testigos de su gesta.<br \/>\nBrunilda y Siegrune, las m\u00e1s bellas de entre las Walkirias, le acompa\u00f1aran hasta el Final de los Tiempos.<\/p>\n<p>Gon 6-0 Loli<br \/>\nGon 3-3 Sandra<br \/>\nGon 5-1 Mika<\/p>\n<p>[\/et_pb_text][et_pb_text _builder_version=\u00bb3.0.64&#8243; background_color=\u00bbrgba(12,113,195,0.16)\u00bb background_layout=\u00bblight\u00bb text_orientation=\u00bbleft\u00bb border_style=\u00bbsolid\u00bb custom_padding=\u00bb10px|10px|10px|10px\u00bb]<\/p>\n<p><strong>Pac vs Julio<\/strong><\/p>\n<p>Con cierto aire de indolencia, la del guerrero que venci\u00f3 en cien batallas y enfrentado tantas veces al Final, Julio sabe que no hay mayor abismo ni m\u00e1s duro enemigo que uno mismo.<br \/>\nEscudri\u00f1a el objetivo con una mirada oscura y profunda, enmarcada en su ensortijado pelo. Su brazo izquierdo cuelga inerte, cediendo todo el protagonismo a su diestro, que ayudado de innumerables correciones de torso, hombro, y en el \u00faltimo instante de precisa torsi\u00f3n de mu\u00f1eca, disecciona los Triples y gobierna los Crikets.<br \/>\nPac con su gr\u00e1cil, et\u00e9rea par\u00e1bola, da la respuesta saldando los 501. En su desacierto en los Crikets, y llegando a su fin este ajustad\u00edsimo duelo, decide tirar exclusivamente al 16, evitando el fatal 20. El 16 es su hogar y refugio, su Shangri-La. La epifania en el 16 se consuma, y s\u00f3lo de esta manera consigue batir, por esta vez, al Guerrero Eterno.<br \/>\nPac 4-2 Julio<\/p>\n<p>[\/et_pb_text][et_pb_text _builder_version=\u00bb3.0.64&#8243; background_color=\u00bbrgba(12,113,195,0.16)\u00bb background_layout=\u00bblight\u00bb text_orientation=\u00bbleft\u00bb border_style=\u00bbsolid\u00bb custom_padding=\u00bb10px|10px|10px|10px\u00bb]<\/p>\n<p><strong>Paul-Oskar<\/strong><\/p>\n<p>Duelo que desde el inicio, con Oskar desacertado y al parecer convaleciente de recientes fiebres, flemas y toses, se decanta en favor de Paul.<br \/>\nEste, desde su acusada elevaci\u00f3n y sobriedad, presenta en la linea de lanzamiento un hieratismo y una verticalidad que parece destinada a formar un \u00e1ngulo de 90 grados con su tiro. Se toma un segundo para observar la diana, y entonces, carentes de trayectoria bal\u00edstica alguna, dispara tres rayos laser consecutivos, sin pausa entre ellos. Se apunta los 501, certero en los cierres.<br \/>\nOskar da por fin con su tiro par\u00e1bolico. Escudri\u00f1a el triple un instante y con un ligero impulso de sus hombros lanza al eter sus dardos, donde una vez alcanzado el apogeo hiperb\u00f3lico descienden pl\u00e1cida y gravitacionalmente al destino escogido.<br \/>\nResurge, pero ya es tarde. Paul dispara otros tres balazos consecutivos, la diana no tiene tiempo ni de desenfundar. Gana por 4-2.<\/p>\n<p>[\/et_pb_text][et_pb_text _builder_version=\u00bb3.0.64&#8243; background_color=\u00bbrgba(12,113,195,0.16)\u00bb background_layout=\u00bblight\u00bb text_orientation=\u00bbleft\u00bb border_style=\u00bbsolid\u00bb custom_padding=\u00bb10px|10px|10px|10px\u00bb]<\/p>\n<p><strong>Kyle-Luismi<\/strong><\/p>\n<p>Duelo encarnizado, con constantes alternativas en el marcador de cada partida.<br \/>\nKyle se estira y contorsiona sobre la linea de tiro hasta conseguir, tal y como lo har\u00eda un felino, un equilibrio est\u00e1tico y a la vez adelantado, apunto de abalanzarse sobre su presa. Es entonces cuando lanza en suave par\u00e1bola y de manera absolutamente silenciosa, lo que evita que el objetivo, despreocupado, sea capaz de eludir el zarpazo. Se apunta el primer 501, pero Luismi da la r\u00e9plica de inmediato. Su forma de tiro se compone de dos mec\u00e1nicas bien diferenciadas. En la primera, muy serio, mira concentrada y detenidamente el objetivo. Casi reflexivo. Es entonces cuando ejecuta un tiro r\u00e1pido, seco, desposeido totalmente de par\u00e5bola. Sus tres Perseidas trazan en la noche una perfecta linea recta hacia el Bull. HatTrick. El ataque y la defensa se alterna en este duelo en una paridad tenaz llevada hasta la \u00faltima de las tiradas del \u00faltimo y ag\u00f3nico Criket, donde la balanza cae del lado de Kyle, apunt\u00e1ndose la victoria por 4-2.<\/p>\n<p>[\/et_pb_text][et_pb_text _builder_version=\u00bb3.0.64&#8243; background_color=\u00bbrgba(12,113,195,0.16)\u00bb background_layout=\u00bblight\u00bb text_orientation=\u00bbleft\u00bb border_style=\u00bbsolid\u00bb custom_padding=\u00bb10px|10px|10px|10px\u00bb]<\/p>\n<p><strong>Sandra-Andrew<\/strong><\/p>\n<p>Sandra inicia el duelo ninguneando la linea de tiro. La franja de 2,44m, lugar donde otros se fijan con detenimiento al objeto de menguar al m\u00ednimo su trayectoria al Bull, no consigue reclamar su atenci\u00f3n. Su mec\u00e1nica de tiro se situa f\u00e1cilmente entorno a los 2,55m y no le impide dar cuenta afinadamente de los dos primeros 501. Realiza en el segundo un magn\u00edfico cierre de 102, mediante dos triples 17 con los que disecciona esta cifra en un binomio, casi mistico, de 51+51.<br \/>\nAndrew, desde su altura y magnitud, no consigue hallar su tiro. The Beast, herido, decide ast\u00fatamente centrarse en objetivos altos, 20 y 18, con lo que consigue ara\u00f1ar el marcador, para un resultado final de 5-1. Sandra remata el encuentro ignorando una vez m\u00e1s la linea de tiro, sabedora de que el impulso que infiere a sus mensajes, despreciando la distancia extra a cubrir, les permitir\u00e1 sobradamente alcanzar su destino.<\/p>\n<p>[\/et_pb_text][et_pb_text _builder_version=\u00bb3.0.64&#8243; background_color=\u00bbrgba(12,113,195,0.16)\u00bb background_layout=\u00bblight\u00bb text_orientation=\u00bbleft\u00bb border_style=\u00bbsolid\u00bb custom_padding=\u00bb10px|10px|10px|10px\u00bb]<\/p>\n<p><strong>M\u00e1gico-Thomas The Machine<\/strong><\/p>\n<p>Kubatalla repleta de \u00e9pica y records. El Cuerno de la Abundancia visita el duelo vertiendo sus excedentes sobre el marcador de ambos contrincantes.<br \/>\nM\u00e1gico, poseedor quiz\u00e1s del tiro m\u00e1s parab\u00f3lico y delicado de toda la Kubatalla, arroja sus deseos a las alturas, a un cielo que los devuelve a la diana, una vez concedidos. En una actuaci\u00f3n portentosa, sus MPR draconianos hubiesen bastado para fulminar a cualquier mortal. Pero ah\u00ed radica su error. Su rival es The Machine.<br \/>\nLa M\u00e1quina se posiciona totalmente perpendicular a la linea de tiro, retrayendo sus hom\u00f3platos y sacando pecho, replicando la postura que adoptar\u00eda un arquero. Despu\u00e9s su antebrazo bascula en rotaci\u00f3n sobre su codo y libera unos dardos monstruosamente largos, que pasan a descansar en el triple o en el D-Bull.<br \/>\nCualquier otro duelista, ante la formidable actuaci\u00f3n de M\u00e1gico, hubiese sucumbido a los nervios. La Maquina no se altera. No siente, s\u00f3lo act\u00faa. No sue\u00f1a con ganar, ni le da miedo perder. Se limita a incar sus dardos en la malla del segmento triple. Estar desprovisto de emociones es lo que le permite igualar los fenomenales guarismos de Magico. M\u00e1gico 3-3 The Machine, y unos registros en la red dignos de ser visitados.<\/p>\n<p>[\/et_pb_text][\/et_pb_column][\/et_pb_row][\/et_pb_section][et_pb_section bb_built=\u00bb1&#8243; fullwidth=\u00bboff\u00bb specialty=\u00bboff\u00bb _builder_version=\u00bb3.0.64&#8243; global_module=\u00bb29132&#8243;][et_pb_row global_parent=\u00bb29132&#8243;][et_pb_column type=\u00bb4_4&#8243;][et_pb_comments global_parent=\u00bb29132&#8243; _builder_version=\u00bb3.0.64&#8243; show_avatar=\u00bbon\u00bb show_reply=\u00bbon\u00bb show_count=\u00bbon\u00bb background_layout=\u00bblight\u00bb border_style=\u00bbsolid\u00bb custom_button=\u00bboff\u00bb button_letter_spacing=\u00bb0&#8243; button_icon_placement=\u00bbright\u00bb button_letter_spacing_hover=\u00bb0&#8243; \/][\/et_pb_column][\/et_pb_row][\/et_pb_section][et_pb_section bb_built=\u00bb1&#8243; fullwidth=\u00bboff\u00bb specialty=\u00bbon\u00bb template_type=\u00bb\u00bb][\/et_pb_section]<\/p>\n<!-- AddThis Advanced Settings generic via filter on the_content --><!-- AddThis Share Buttons generic via filter on the_content -->","protected":false},"excerpt":{"rendered":"<p><div class=\"et_pb_row et_pb_row_0 et_pb_row_empty\">\n\t\t\t\t\n\t\t\t\t\n\t\t\t\t\n\t\t\t\t\n\t\t\t\t\n\t\t\t<\/div> Las Gestas del Kubata Triple 5, Simple 1 y triple 12! Ah\u00ed est\u00e1s t\u00fa intentando cerrar el 20, y mira qu\u00e9 mierda de tirada te ha salido! Te quedas en silencio mirando el triple 12, incr\u00e9dulo, con la boca medio abierta, hecho un papanatas. Sabes perfectamente que no eres el Campe\u00f3n del Mundo, pero [&hellip;]<\/p>\n<p><!-- AddThis Advanced Settings generic via filter on get_the_excerpt --><!-- AddThis Share Buttons generic via filter on get_the_excerpt --><\/p>\n","protected":false},"author":7,"featured_media":0,"parent":0,"menu_order":0,"comment_status":"open","ping_status":"closed","template":"","meta":{"_et_pb_use_builder":"on","_et_pb_old_content":"","_et_gb_content_width":"","footnotes":""},"class_list":["post-29026","page","type-page","status-publish","hentry"],"yoast_head":"<!-- This site is optimized with the Yoast SEO plugin v24.9 - https:\/\/yoast.com\/wordpress\/plugins\/seo\/ -->\n<title>Gestas - Kubata de Hojalata<\/title>\n<meta name=\"robots\" content=\"index, follow, max-snippet:-1, max-image-preview:large, max-video-preview:-1\" \/>\n<link rel=\"canonical\" href=\"https:\/\/www.gbchampionship.com\/kubata\/gestas\/\" \/>\n<meta property=\"og:locale\" content=\"es_ES\" \/>\n<meta property=\"og:type\" content=\"article\" \/>\n<meta property=\"og:title\" content=\"Gestas - Kubata de Hojalata\" \/>\n<meta property=\"og:description\" content=\"Las Gestas del Kubata Triple 5, Simple 1 y triple 12! Ah\u00ed est\u00e1s t\u00fa intentando cerrar el 20, y mira qu\u00e9 mierda de tirada te ha salido! Te quedas en silencio mirando el triple 12, incr\u00e9dulo, con la boca medio abierta, hecho un papanatas. Sabes perfectamente que no eres el Campe\u00f3n del Mundo, pero [&hellip;]\" \/>\n<meta property=\"og:url\" content=\"https:\/\/www.gbchampionship.com\/kubata\/gestas\/\" \/>\n<meta property=\"og:site_name\" content=\"Kubata de Hojalata\" \/>\n<meta property=\"article:modified_time\" content=\"2017-09-21T14:43:59+00:00\" \/>\n<meta name=\"twitter:card\" content=\"summary_large_image\" \/>\n<meta name=\"twitter:label1\" content=\"Tiempo de lectura\" \/>\n\t<meta name=\"twitter:data1\" content=\"14 minutos\" \/>\n<script type=\"application\/ld+json\" class=\"yoast-schema-graph\">{\"@context\":\"https:\/\/schema.org\",\"@graph\":[{\"@type\":\"WebPage\",\"@id\":\"https:\/\/www.gbchampionship.com\/kubata\/gestas\/\",\"url\":\"https:\/\/www.gbchampionship.com\/kubata\/gestas\/\",\"name\":\"Gestas - Kubata de Hojalata\",\"isPartOf\":{\"@id\":\"https:\/\/www.gbchampionship.com\/kubata\/#website\"},\"datePublished\":\"2017-09-11T18:58:21+00:00\",\"dateModified\":\"2017-09-21T14:43:59+00:00\",\"breadcrumb\":{\"@id\":\"https:\/\/www.gbchampionship.com\/kubata\/gestas\/#breadcrumb\"},\"inLanguage\":\"es\",\"potentialAction\":[{\"@type\":\"ReadAction\",\"target\":[\"https:\/\/www.gbchampionship.com\/kubata\/gestas\/\"]}]},{\"@type\":\"BreadcrumbList\",\"@id\":\"https:\/\/www.gbchampionship.com\/kubata\/gestas\/#breadcrumb\",\"itemListElement\":[{\"@type\":\"ListItem\",\"position\":1,\"name\":\"Portada\",\"item\":\"https:\/\/www.gbchampionship.com\/kubata\/\"},{\"@type\":\"ListItem\",\"position\":2,\"name\":\"Gestas\"}]},{\"@type\":\"WebSite\",\"@id\":\"https:\/\/www.gbchampionship.com\/kubata\/#website\",\"url\":\"https:\/\/www.gbchampionship.com\/kubata\/\",\"name\":\"Kubata de Hojalata\",\"description\":\"\",\"potentialAction\":[{\"@type\":\"SearchAction\",\"target\":{\"@type\":\"EntryPoint\",\"urlTemplate\":\"https:\/\/www.gbchampionship.com\/kubata\/?s={search_term_string}\"},\"query-input\":{\"@type\":\"PropertyValueSpecification\",\"valueRequired\":true,\"valueName\":\"search_term_string\"}}],\"inLanguage\":\"es\"}]}<\/script>\n<!-- \/ Yoast SEO plugin. -->","yoast_head_json":{"title":"Gestas - Kubata de Hojalata","robots":{"index":"index","follow":"follow","max-snippet":"max-snippet:-1","max-image-preview":"max-image-preview:large","max-video-preview":"max-video-preview:-1"},"canonical":"https:\/\/www.gbchampionship.com\/kubata\/gestas\/","og_locale":"es_ES","og_type":"article","og_title":"Gestas - Kubata de Hojalata","og_description":"Las Gestas del Kubata Triple 5, Simple 1 y triple 12! Ah\u00ed est\u00e1s t\u00fa intentando cerrar el 20, y mira qu\u00e9 mierda de tirada te ha salido! Te quedas en silencio mirando el triple 12, incr\u00e9dulo, con la boca medio abierta, hecho un papanatas. Sabes perfectamente que no eres el Campe\u00f3n del Mundo, pero [&hellip;]","og_url":"https:\/\/www.gbchampionship.com\/kubata\/gestas\/","og_site_name":"Kubata de Hojalata","article_modified_time":"2017-09-21T14:43:59+00:00","twitter_card":"summary_large_image","twitter_misc":{"Tiempo de lectura":"14 minutos"},"schema":{"@context":"https:\/\/schema.org","@graph":[{"@type":"WebPage","@id":"https:\/\/www.gbchampionship.com\/kubata\/gestas\/","url":"https:\/\/www.gbchampionship.com\/kubata\/gestas\/","name":"Gestas - Kubata de Hojalata","isPartOf":{"@id":"https:\/\/www.gbchampionship.com\/kubata\/#website"},"datePublished":"2017-09-11T18:58:21+00:00","dateModified":"2017-09-21T14:43:59+00:00","breadcrumb":{"@id":"https:\/\/www.gbchampionship.com\/kubata\/gestas\/#breadcrumb"},"inLanguage":"es","potentialAction":[{"@type":"ReadAction","target":["https:\/\/www.gbchampionship.com\/kubata\/gestas\/"]}]},{"@type":"BreadcrumbList","@id":"https:\/\/www.gbchampionship.com\/kubata\/gestas\/#breadcrumb","itemListElement":[{"@type":"ListItem","position":1,"name":"Portada","item":"https:\/\/www.gbchampionship.com\/kubata\/"},{"@type":"ListItem","position":2,"name":"Gestas"}]},{"@type":"WebSite","@id":"https:\/\/www.gbchampionship.com\/kubata\/#website","url":"https:\/\/www.gbchampionship.com\/kubata\/","name":"Kubata de Hojalata","description":"","potentialAction":[{"@type":"SearchAction","target":{"@type":"EntryPoint","urlTemplate":"https:\/\/www.gbchampionship.com\/kubata\/?s={search_term_string}"},"query-input":{"@type":"PropertyValueSpecification","valueRequired":true,"valueName":"search_term_string"}}],"inLanguage":"es"}]}},"_links":{"self":[{"href":"https:\/\/www.gbchampionship.com\/kubata\/wp-json\/wp\/v2\/pages\/29026","targetHints":{"allow":["GET"]}}],"collection":[{"href":"https:\/\/www.gbchampionship.com\/kubata\/wp-json\/wp\/v2\/pages"}],"about":[{"href":"https:\/\/www.gbchampionship.com\/kubata\/wp-json\/wp\/v2\/types\/page"}],"author":[{"embeddable":true,"href":"https:\/\/www.gbchampionship.com\/kubata\/wp-json\/wp\/v2\/users\/7"}],"replies":[{"embeddable":true,"href":"https:\/\/www.gbchampionship.com\/kubata\/wp-json\/wp\/v2\/comments?post=29026"}],"version-history":[{"count":12,"href":"https:\/\/www.gbchampionship.com\/kubata\/wp-json\/wp\/v2\/pages\/29026\/revisions"}],"predecessor-version":[{"id":29201,"href":"https:\/\/www.gbchampionship.com\/kubata\/wp-json\/wp\/v2\/pages\/29026\/revisions\/29201"}],"wp:attachment":[{"href":"https:\/\/www.gbchampionship.com\/kubata\/wp-json\/wp\/v2\/media?parent=29026"}],"curies":[{"name":"wp","href":"https:\/\/api.w.org\/{rel}","templated":true}]}}